f z(2)?
2
Let i(s) = s**3 + 10*s**2 - 12*s - 15. Let f be i(-11). Let p be (f/(-10))/(1/85). Suppose -6 = -5*y + p. What are the prime factors of y?
2
Let m(i) = i**2 + 5*i + 2. Let d be (6 - 8)*(-9)/(-2). What are the prime factors of m(d)?
2, 19
Let a(d) = 6*d**2 + 1. Let f(p) = p**3 - 4*p**2 + 2*p + 4. Let l be f(3). List the prime factors of a(l).
7
Let f = -29 + 18. Let y = f + 15. Suppose -45 = -y*l - 9. List the prime factors of l.
3
Let i(a) be the third derivative of a**5/20 - a**4/12 - a**3/6 - 7*a**2. Suppose -11 = -4*v - 3. List the prime factors of i(v).
7
Let q(l) = l - 3. Let r be q(5). Suppose 0 = r*g - 2*b + 4, -5*g - 2 = -3*b. Suppose g*w - 11 = 1. What are the prime factors of w?
2, 3
Let l(u) = u**2 - 2*u - 1. Let w be l(3). Suppose t - 13 = -w*z, -4*t - 4*z = -6*z - 2. What are the prime factors of (-3)/(-1) + -1 + t?
5
Let i(c) = 0*c + 2*c - 5*c - 12. Suppose -7*q + 3*q - 32 = 0. What are the prime factors of i(q)?
2, 3
Let z(k) = k**2 - 3 - 2*k**2 - 2*k**3 - 2*k**2 - 4*k. What are the prime factors of z(-2)?
3
Suppose -b + 2*b - 5 = 0, 0 = n - 5*b + 22. Let k = 19 - n. What are the prime factors of (k/8)/(2/14)?
2, 7
Suppose -u - 5*f = -46, 3*f - 415 = -5*u - 97. List the prime factors of u.
2, 3, 11
Suppose 0 = 2*c + 10, -h + 13 = 3*h - c. Suppose -z = 5*a + 10, -2*a = -z + h*a + 17. Suppose z*v - 11 - 44 = 0. What are the prime factors of v?
11
Let j = 31 + -21. Let g(l) = -l**2 + 10*l + 8. What are the prime factors of g(j)?
2
Suppose -4*w - 20 = 0, 2*y - 333 + 62 = 5*w. List the prime factors of y.
3, 41
Suppose 0 - 12 = -3*n. Suppose -a - a - 3*p + 13 = 0, a = -4*p + n. List the prime factors of a.
2
Let i = 10 - -141. What are the prime factors of i?
151
Let o = 238 - 27. List the prime factors of o.
211
Suppose -13 = 4*g + 63. Let h = -9 - g. List the prime factors of h.
2, 5
List the prime factors of ((-16)/14)/((-8)/28).
2
Suppose y + 60 - 9 = 0. Let d = -30 - y. What are the prime factors of d?
3, 7
Let o(i) = 4*i**2 - i - 2. List the prime factors of o(-5).
103
Suppose -31 = -2*u - 3*p, 0 = 4*u + 3*p - 0 - 71. Suppose 2*i + 2*i = u. Suppose i*n = 57 - 2. List the prime factors of n.
11
Suppose -s - 5 = s - a, 4*s + 2*a + 14 = 0. Let r(o) = -10*o + 2. Let q be r(s). Let w = q - 20. List the prime factors of w.
2, 3
Let g = -2 - -1. List the prime factors of 0 - 33/(-3) - g.
2, 3
Suppose -z + 4*q = -19 - 164, 342 = 2*z - 2*q. List the prime factors of z.
167
Let p = 17 + 47. List the prime factors of p.
2
List the prime factors of 495/22*(-8)/(-3).
2, 3, 5
Suppose -5*c + 12 = -3*v, -2*v - 8 = c - 6*c. Let y = 2 - c. Suppose 8 = -f + 3*a + y*a, -8 = -2*a. List the prime factors of f.
2, 3
Suppose 4*t - 12 = 4*b, -6*b + 4*b - 2 = 0. Let p(s) = 9*s. Let l(o) = -4*o. Let j(x) = 5*l(x) + 3*p(x). List the prime factors of j(t).
2, 7
Suppose 7*q = -67 + 242. List the prime factors of q.
5
Let h(g) = 7*g**3 - 2*g**2 + 1. Suppose 4*j - 1 - 3 = 0. Let w be h(j). Suppose 0 = -4*t + t + w. List the prime factors of t.
2
Let y(h) = -h**3 + 13*h**2 + 15*h + 4. List the prime factors of y(14).
2, 3
Suppose -3*x - 3 = -t, -5*t + 2*x - 70 = -20. Let c(q) = -4*q - 15. List the prime factors of c(t).
3, 11
Suppose 6*t = 5*t + 3. Suppose 0 = -t*a + 8 + 13. What are the prime factors of a?
7
Suppose -4 = 5*n + 6. Let b be (20 + (n - -1))/(-1). Let y = -11 - b. What are the prime factors of y?
2
Let q be (-98)/21 + 1/(-3). List the prime factors of q/(-30) - (-41)/6.
7
Let c = -2 - -5. Let y be (c/3 - -13)*1. Let j = y - -2. List the prime factors of j.
2
Let h(b) = -26*b + 29. What are the prime factors of h(-5)?
3, 53
Let n(k) = 4*k**2 - 11*k + 7 + 4*k - 3*k**2 - 3*k. What are the prime factors of n(10)?
7
Let w(c) = c**2 - 16*c + 22. Let s be w(15). Let x(k) = k**2 - k + 9. What are the prime factors of x(s)?
3, 17
Suppose 0 = -v + 4*v - 9. Suppose 2*k - 94 = 2*x, -2*x = k + v*x - 77. Suppose 2*n + 2*n - k = 0. What are the prime factors of n?
13
Let o be (-3)/(-2*(-1)/(-2)). Let d = o - 2. Suppose g = d + 10. List the prime factors of g.
11
Let z(d) = -17*d**2 + 2 - 2*d + 0*d + 20*d**2 - 3. List the prime factors of z(-1).
2
Suppose 3*c = 3*o + 26 + 286, 0 = c + o - 106. What are the prime factors of c?
3, 5, 7
What are the prime factors of (-91)/(-2) + (-3)/2?
2, 11
Suppose -5*b - 64 = -b + 4*r, 0 = 3*b + 5*r + 52. What are the prime factors of 226/7 - (-4)/b?
2
Suppose -5*y + 2*g - 4*g - 32 = 0, 5*y + 27 = 3*g. Let z(p) = p**3 + 5*p**2 - 7*p - 3. Let a be z(y). Let n(k) = 2*k. List the prime factors of n(a).
2, 3
Let u(v) = 8*v**2 - 9*v - 2. List the prime factors of u(4).
2, 3, 5
Let a be 2/(-4) + (-70)/4. Let y = -8 - a. What are the prime factors of (-54)/(-10) - 4/y?
5
Let d(q) = -q**3 - q**2 - 1. Suppose 0 + 4 = -g. Let a be 9/3*g/6. What are the prime factors of d(a)?
3
Suppose -3*s = 15 - 90. What are the prime factors of s?
5
Suppose 0 = -4*r - 3*v - 41, 0*v - 3*v = 2*r + 25. Let u = 5 - r. What are the prime factors of u?
13
Let a be -12*(-2)/(-8)*-1. Let l(d) = -2 + 3*d - 5*d + 5*d. What are the prime factors of l(a)?
7
Let y(w) = 2*w**3 - 3*w**2 - 3*w - 3. Let c be y(3). Let o = c + -13. List the prime factors of o.
2
Suppose -16*w + 15*w + 1 = 0. Suppose -3*j - 1 = -7. Let d = w + j. List the prime factors of d.
3
Suppose -4*z + 3*r - 21 = -386, 3*r + 460 = 5*z. What are the prime factors of z?
5, 19
Let f(u) = -21*u + 3. List the prime factors of f(-3).
2, 3, 11
Suppose q - 184 = -3*q. List the prime factors of q.
2, 23
Let f be 4 - 0 - (-2 - -1). Let a = f + -2. Suppose 20 = a*j + 2. What are the prime factors of j?
2, 3
Suppose 345 = 5*c - 75. What are the prime factors of c?
2, 3, 7
Suppose -2*x = -3*x - 8. Let u = 20 + x. What are the prime factors of u?
2, 3
Let z be 2 - (108/3)/(-2). Suppose -1 = -b + n + 7, b + 3*n - z = 0. List the prime factors of b.
11
What are the prime factors of ((-6)/(-5))/((-10432)/1160 - -9)?
2, 3, 29
Suppose -3*m + 18 = -3*v + 6*v, -3*m + 10 = v. Suppose -5*y + 251 = o, y + y - 104 = -v*o. List the prime factors of y.
2, 5
Suppose 105 + 303 = 4*x. List the prime factors of x/4 + 2/(-4).
5
What are the prime factors of 334 - (5 + -3)/(-2)?
5, 67
Suppose 0*s - 3*s = 9. Let d be 34/s + 4/12. List the prime factors of (-2 - d - -1) + 2.
2, 3
Let v be (-2)/(-5) - (-112)/20. Let k = v - 2. Suppose 0 = -3*c - 0*c + 3*h + 51, k = 4*h. List the prime factors of c.
2, 3
Let a(m) = m**2 + 8*m - 9. Let c be a(-9). Suppose c = -u + 4*u - 36. List the prime factors of u.
2, 3
Suppose -n = -6*n + 30. Suppose -1 + n = d. List the prime factors of d.
5
Let j = -142 + 252. What are the prime factors of j?
2, 5, 11
Let b(x) = 4*x**2 - 2*x - 1. Let n be ((-10)/(-35))/((-2)/(-14)). List the prime factors of b(n).
11
Suppose -l + 0 = -1. Let o(i) = -i - 1. Let z be o(l). What are the prime factors of z/(10/(-6) + 1)?
3
Suppose -2*h + h - 37 = -2*a, -3*a - 84 = 3*h. Let m = -21 - h. What are the prime factors of m?
2, 5
Suppose 3*h - 12 = -2*q - 2*q, 0 = -5*h - 4*q + 20. Let u be h/(-12) - 4/(-3). Suppose -5*j - 5*n + 55 = 0, -u - 7 = -4*n. What are the prime factors of j?
3
Suppose -3*t = 15, -n + 24 = -0*n - 3*t. List the prime factors of n.
3
Let i(z) = -z**3 - 12*z**2 - 11*z - 12. Let h be i(-11). Let w = h - -31. List the prime factors of w.
19
Suppose -3*j - 7 = -b, 16 = 5*b - 3*j - 31. Suppose 3*i - b = -2*i. List the prime factors of i.
2
Suppose 13*m = -4*i + 9*m + 648, 159 = i - 2*m. List the prime factors of i.
7, 23
Let a = 6 + -4. Let r = a - -3. Suppose -9*b + r*b = -28. What are the prime factors of b?
7
Suppose 19 + 5 = 4*v. Suppose 0*p - 2*p + v = 0. What are the prime factors of (8 - -1)/p + 3?
2, 3
Let m(a) = 5*a**2 - 4*a - 3. List the prime factors of m(-3).
2, 3
Suppose -4*f + 480 = -4*r, -596 = -3*f - 2*f + 4*r. What are the prime factors of f?
2, 29
Suppose 2*n + 340 = 3*m, -6*m - 2*n + 572 = -m. List the prime factors of m.
2, 3, 19
Suppose 0 = -2*m + 4 + 14. Suppose -10*x + m*x = -19. What are the prime factors of x?
19
Let d(c) = 25*c - 26. List the prime factors of d(6).
2, 31
Let i(n) = 2*n**3 - 2*n**2 - 6*n + 3. Let l(a) = a**3 + a**2 - 1. Let b(k) = -i(k) + l(k). Suppose -2*t - 3*t + 20 = 0. List the prime factors of b(t).
2
Let f(m) = -m**2 + 20*m + 2. Let u be f(13). 